0)/(-5) + (-21)/(-7). Determine c(n).
9
Let r(p) = -17*p**2 - 2834*p. Let k(a) = 12*a**2 + 2024*a. Let c(d) = 7*k(d) + 5*r(d). Suppose 0 = -z + 3*z + 6. Calculate c(z).
-3
Let s be 1/5*(-3 - -158). Let t = 41 + -14. Suppose s*k - t*k = 8. Let n(j) = 3*j - 1. Give n(k).
5
Let i(m) be the third derivative of -m**4/6 - m**3/3 - 47*m**2 - 4*m + 5. Calculate i(-5).
18
Let l(o) be the first derivative of o**4/4 + 4*o**3 + 12*o**2 - 56*o - 2561. Give l(-8).
8
Suppose 23*b + 3*r = 21*b, 3*b - 13 = 2*r. Suppose 5*j - 9 = 2*x - b, -16 = -5*x - 3*j. Let y(v) be the second derivative of v**3/3 + v. What is y(x)?
4
Let l = 24494 + -24504. Let a(z) = 9*z + 108. Give a(l).
18
Let w = -90 - -108. Suppose -8*i - 3*b + w = -5*i, 3*i - 14 = -5*b. Let l be (2/(-4))/(i/32). Let s(n) = -n**2 - 3*n. Give s(l).
2
Let b(m) = -m**2 - 8*m - 12. Suppose -5*s = 3*s - 9*s - 9*s. What is b(s)?
-12
Let a(n) = -6*n. Suppose -51 = 12*t - 111. Suppose -5*v + 16 = -2*v + 2*p, 0 = -t*v + 4*p - 10. Give a(v).
-12
Suppose -4*s - 5*c = -15, s - 2*c = 1 + 6. Let f(w) = w + 3*w - s*w + 0*w + 4. Suppose 0 = 4*t - 6*b + 5*b - 31, -36 = -4*t - 4*b. Calculate f(t).
-4
Suppose 2*m + 10 = 3*l, m - 5*l + 21 = 2*m. Suppose -5*r + m - 11 = 0, -3*r = k + 3. Let i(s) = -s**3 + 4*s**2 - 3*s - 1. Give i(k).
-1
Let n = 328 + -328. Suppose -4*q - 4*o + 36 = n, 5*o + 45 = 2*q + 2*q. Let r(s) = s**3 - 11*s**2 + 11*s - 8. Determine r(q).
2
Suppose -41*h + 37*h - 18 = 2*q, -4*q + 2*h - 26 = 0. Let u(y) = 11*y + 69. Calculate u(q).
-8
Let b(r) = -4*r**2 + 235*r - 404. Let g be b(57). Let w(u) = 2*u + 4. What is w(g)?
-6
Let g(f) = f**3 - 4*f**2 - 4*f - 2. Let a be g(5). Let c(r) = -1 + r**2 - r**a + 0 - 4*r + 6*r - 4*r. Suppose 35*m + 122 - 192 = 0. Calculate c(m).
-9
Let v(f) be the first derivative of f**3/3 + 6*f**2 + 13*f + 329. Suppose -12*g = 87 + 33. Determine v(g).
-7
Let u(s) = 6*s + 27. Let y be u(-6). Let t(d) = -4 - d - 2 - 4. Calculate t(y).
-1
Let h = -336 - -291. Let a be 1 - -3 - (-4 - h/5). Let g(w) = 3*w**3 + w**2 + 3*w + 1. Determine g(a).
-4
Let h(r) = -14*r + 12 - 6*r + 23*r - 4*r. Suppose -12*d + 8*d = 0. What is h(d)?
12
Let f(q) = 18*q - 160. Let w(y) = 4*y**2 + 52*y - 46. Let a be w(1). Give f(a).
20
Let m be (-4)/18 - (-2279)/(-477). Let s(w) = -3*w**2 - w - 3. Give s(m).
-73
Let i(g) = -221*g**3 + 3*g**2 - 22*g + 4. Let a(n) = 44*n**3 + 2*n**2 - 1. Let z(d) = 5*a(d) + i(d). Let r be 2 - ((3 - 2) + -10). Calculate z(r).
-1
Suppose -9880 + 9822 = -2*o. Let b(q) = -5*q + 149. Determine b(o).
4
Let i be (2 + -3)/(4 - 5). Suppose 0 = -2*x + 5*y - i - 65, 114 = -4*x + y. Let g be (3/6 + 0)*x/2. Let r(u) = u**2 + 9*u - 1. Calculate r(g).
-15
Let z(m) be the second derivative of -m**4/6 - 25*m**3/6 - 19*m**2 - 445*m. Determine z(-11).
-5
Let j(f) = 5*f - f**2 - 6*f + 1 + 0*f - f**3. Let u = -85 + 85. Let o(l) = -13*l + 1. Let v be o(u). Calculate j(v).
-2
Suppose -2*l - 468 = -6*y + y, -377 = -4*y - l. Let m(s) = 3*s + 92 - s**3 - y + 12*s**2 - 8*s**2. Determine m(5).
-12
Suppose -202*j + 528*j + 306*j = 6320. Let l(d) = -d**2 + 14*d - 25. Give l(j).
15
Let z(b) be the first derivative of -b**4/4 - 7*b**3/3 - 2*b + 41. Determine z(-3).
-38
Let n(s) be the first derivative of 3*s**6/20 - s**5/60 + s**4/24 - s**3/6 - s**2/2 - 158*s + 57. Let l(f) be the second derivative of n(f). Give l(1).
17
Let z(g) be the third derivative of g**5/60 + 3*g**4/8 + 7*g**3/6 - g**2. Suppose -k = -2*y + 16 - 31, 0 = -3*y - 4*k - 28. Calculate z(y).
-1
Let f(s) = 0 + 1551*s + 2 - 1549*s. Suppose -3*d - 11 = 2*i, 0 = -3*d + 7*d + 5*i + 10. Give f(d).
-8
Let o(s) = -s - 10. Let t be o(-8). Suppose 5*g - 59 = -2*n - 0*n, -2*n = 6. Let z(i) = 2 - g*i + i + 13*i. What is z(t)?
0
Let j(u) = 18 + 4 + 4*u**2 - 10 + 5 - 23*u - 5. Determine j(6).
18
Let x(p) = 186*p + 11. Let m(u) = -401*u - 22. Let v(n) = 6*m(n) + 13*x(n). Determine v(-10).
-109
Let y(n) = n**3 + n**2 - 2*n + 3. Suppose 0*w + 10 = 2*w + 3*p, w + 3*p - 8 = 0. Suppose 0 = -3*k + 5*s + 1, -w*k + 4*s - 7 = 3*k. Determine y(k).
-9
Let d be (-289)/34 + ((-231)/(-14))/11. Let q(h) = -2*h**2 - 10*h - 13. What is q(d)?
-41
Let b(x) = x**2 - 12*x - 30. Let y = -143 - -156. Give b(y).
-17
Let c(i) = -i**3 - 17*i**2 - 10*i + 96. Let b be (4 + (-224)/40)*(8 - -2). What is c(b)?
0
Let c(d) = 14*d + 110. Let v(b) = 19*b + 148. Let a(z) = 11*c(z) - 8*v(z). Determine a(0).
26
Let s be 10/(-85) + 332/(-68). Let y(d) = 5*d**2 + 25*d - 6. Let g(n) = -6*n**2 - 30*n + 5. Let z(l) = s*y(l) - 4*g(l). Determine z(-7).
-4
Let j(k) = 5*k + 5*k**2 + 25*k**2 - 1 + 2*k**2 + 8*k**2 + 3*k**2 - 44*k**2. Let q = -13 + 5. Let l be (-2)/4*(4 + q). Determine j(l).
5
Let j(o) = -2*o. Let r be (-125)/(-175) - (-54)/42. Let v(f) = f**2 + 2*f - 4. Let b be v(3). Suppose r*h + 7 - b = 0. Determine j(h).
-4
Let z(p) = 2*p**2 + 27*p + 14. Suppose 0 = -2*u - 10*y - 32, -55*y + 54*y = 1. Give z(u).
-41
Let h(k) = 6*k - 3*k + k - k - 9 - 6*k. Let l be -3 + 7 + -2 - 10. What is h(l)?
15
Let d(g) = -12*g**3 + 14*g**2 - 31*g + 24. Let h(o) = 5*o**3 - 7*o**2 + 12*o - 12. Let l(j) = -3*d(j) - 7*h(j). What is l(-6)?
-6
Suppose 3 - 9 = 2*o. Let m(y) be the second derivative of 0 + 1/3*y**3 + 3/2*y**2 + 6*y + 1/12*y**4. Determine m(o).
6
Let o(q) be the first derivative of -13 - 1/3*q**3 - 1/2*q**2 + 0*q. Calculate o(-6).
-30
Suppose -65 - 535 = 15*y - 75*y. Let j(u) = 3*u**2 - 28*u - 29. What is j(y)?
-9
Let p(o) be the first derivative of -o**6/120 + o**5/20 + o**4/8 - o**3/2 + 63*o**2/2 - 24. Let v(g) be the second derivative of p(g). Give v(3).
6
Let c(o) = 3*o**2 + 5*o - 9. Suppose -z + 5*n + 30 = 0, -84 = 4*z + 5*n - 29. Give c(z).
41
Let g(u) = -u**2 - 26*u - 56. Let a be g(-22). Suppose -w + 65*f = 68*f + 18, 2*f = -4*w - a. Let z(d) = d**2 + 7*d + 3. Give z(w).
-3
Let n = -7302 + 7311. Let p(t) = -10*t + 11. Calculate p(n).
-79
Let s be ((0/(-3))/(11/(-11)))/(-2). Let i(o) = s*o - o + o**2 - 47 + 50. Let y be (-24)/9 - 3/9. Calculate i(y).
15
Let d(m) = m**2 + 30*m + 33. Let v be d(-29). Suppose -4*s = 4, -v*l + 4*s = -2*l + 4. Let a(w) = -5*w + 3. What is a(l)?
23
Let a(t) = 2*t**2 - t - 1. Let d(v) = -3*v**3 + 12*v - 58. Let l(n) = -n**3 - n**2 + 6*n - 29. Let w(y) = 2*d(y) - 5*l(y). Let c be w(5). Give a(c).
2
Let x(s) = -7*s - 2. Suppose -3*g - 40 = g. Let b be 1/((-1)/g + 0). Let i be b/6 + 5/(12 + 3). Calculate x(i).
-16
Let i(j) be the second derivative of -2 + 5*j + 1/12*j**4 - 5/2*j**2 + 0*j**3. Determine i(3).
4
Suppose -4*j + 2 = -18. Suppose 7 = -j*v - 3. Let a(w) = 8*w + 1. What is a(v)?
-15
Let r(s) be the third derivative of 1/12*s**4 + 0 - 3/2*s**3 - 4*s**2 + 0*s. Let k(w) = -30*w + 576. Let i be k(19). Determine r(i).
3
Let y(p) = -2*p**2 + 17*p + 53. Let b(l) = 2*l**2 - 21*l - 52. Let x(o) = 3*b(o) + 2*y(o). What is x(16)?
-2
Let k(d) = -d**3 - 5*d**2 + 9*d + 9. Suppose -t - 6 + 36 = 0. Suppose -6 = t*o - 32*o. Suppose 4*r + o = -21. What is k(r)?
-9
Let y(m) be the second derivative of m**6/240 - m**5/5 - 7*m**4/12 + 5*m**3/2 - 13*m - 4. Let s(p) be the third derivative of y(p). What is s(7)?
-3
Let y(x) = 6*x**2 + 6*x - 3. Let a = 2661 + -2658. Determine y(a).
69
Let r be 52/12 + (-2)/(-3). Suppose -2*v + 0*u = r*u, 0 = -3*u - 6. Let x(y) be the second derivative of -y**4/12 + 5*y**3/6 + 5*y**2/2 - 128*y. Determine x(v).
5
Let a(y) = y**2 + y. Let k(i) = -i**3 - 12*i**2 + i - 9. Let s(n) = -4*a(n) - k(n). Suppose -26*o - 23*o = 441. Calculate s(o).
-27
Let k(p) = -p - 5. Let m = 1474 + -1466. Suppose -4*a + 4*u = a - 19, -3*a = -u - 10. Suppose 0 = a*v + n + m, -3*v = -6*n + n + 32. What is k(v)?
-1
Let h(w) = -w**3 + 4*w**2 + 6. Let q(p) = -5*p**3 + 19*p**2 - 2*p + 30. Let s(f) = 11*h(f) - 2*q(f). Suppose 4*l - 5*v - 3 = 0, 4*v + 10 = 5*l - v. Give s(l).
-15
Let v(g) = g - 3. Let k(u) = -309*u + 2172. Let l be k(7). What is v(l)?
6
Let u(p) = p**3 + 2*p + 1. Let q = 25 - 25. Suppose q*g + g = 3*i - 17, 5*g = 2*i + 6. Let o = -5 + i. What is u(o)?
13
Let p(w) = 75*w - 716. Let i be p(9). Let b(a) = -5*a - 208. What is b(i)?
-3
Suppose -69 - 39 = -18*z. Let o be (2 - 1)*(-12 + -3). Let a(s) = -2*s**2. Let l(w) = -3*w**2. Let u(t) = o*a(t) + z*l(t). Calculate u(1).
12
Let h(f) = 2*f**3 - 39*f**2 + 18*f + 24. Let u be (-6)/(-48) - (-1057)/(-224)*-4. Determine h(u).
5
Supp